
Let v(k) = -k**3 - 2*k**2 + 2*k - 13. Suppose 6 = 5*a - 16*u + 17*u, -u + 6 = -4*a. Give v(a).
-13
Let i(r) = -4 + 91*r + 10*r**2 + 0*r**2 - 14*r**2 - 6*r**2 - 113*r - r**3. Determine i(-7).
3
Suppose 16*x = 19*x - 12. Let o(n) = n - x*n + 2 - 2*n + 10*n. What is o(2)?
12
Let w(y) = -y**2 - 6*y - 3. Let h be -3 + 13 + 1 + 0 + -2. Let o(c) = -2*c**2 - 13*c - 5. Let q(u) = h*w(u) - 4*o(u). Give q(-6).
-31
Let v(q) = -203*q + 20. Let s(r) = 513*r - 40. Let w(h) = -2*s(h) - 5*v(h). Determine w(13).
-163
Let k(j) = -2*j - 1. Let l(p) = -p - 1. Let o(s) = 3*k(s) - 4*l(s). Let h be (3 - 0/4)/(-32 + 682/22). Give o(h).
7
Let k = 32 - -74. Let c = k - 104. Let t(u) = 32*u**3 + 2*u**2 - 3 - 5*u + 34*u**3 + 3*u**c - 67*u**3. Determine t(4).
-7
Let w(s) = 2*s + 1. Let d = 221 - 218. Let c(a) = -a**2 - 7*a + 2. Let h be c(-7). Suppose d*u - g - h*g = -18, 5*g = -4*u + 12. What is w(u)?
-3
Let x(k) = -k**3 - k**2 + 2. Let z(t) = 4*t - 16. Let a be z(5). Let j be ((-2)/(-6))/((a/(-12))/1). Let y be (2/6)/(j + (-5)/(-6)). Calculate x(y).
6
Let t(u) = 2173 - 4*u + 2173 + 2188 - 6587. Calculate t(-22).
35
Let j(r) = 15*r**3 + 18*r**2 + 5*r - 10. Let q(x) = 28*x**3 + 34*x**2 + 8*x - 18. Let p(h) = -11*j(h) + 6*q(h). What is p(1)?
4
Let u(t) = t**3 + 62*t**2 + 279*t - 27. Let k be u(-5). Let w(r) be the first derivative of -1/2*r**2 - k*r - 41. Calculate w(-4).
1
Let l be ((-16)/3)/(14/(-315)*-15). Let c(u) = u**2 + 8*u + 5. Calculate c(l).
5
Suppose 0 = 28*j - 23*j - 10. Let g be (0/(-3 + 8 - j))/3. Suppose g = 2*m - 5*h, -3*h = -m - 2*h. Let k(d) = -d**2 + 2. What is k(m)?
2
Suppose 750 = 14*u - 3926. Suppose -k + u = 330. Let a(w) = 7*w - 5. What is a(k)?
23
Suppose -2*j - 3 + 15 = 4*s, 20 = -5*j. Suppose -s*o = 3*w - 12, 4*w - 19 = -5*o - 3. Let f(a) = 4*a - 11 + o*a + 12 - 2*a. Calculate f(3).
7
Let l(g) = g**3 - 5*g**2 + 2*g + 2. Let i = -164 + 391. Let p = i + -222. Determine l(p).
12
Let p = 4 - 2. Suppose -p*h + 11 = 3*u, -h - 4 = 4*h - 3*u. Let g(i) = -4*i**2 + 8*i + 0*i + h + 2 + 3*i**2. Determine g(7).
10
Let c(n) = -n**2 + 10*n + 10. Let v be c(11). Let m(d) = -d**2 + 2 - 13*d**3 - 3 - 2*d + 12*d**3. Determine m(v).
1
Let s(z) = -2*z**3 - 248*z**2 + 38*z - 18. Let v(d) = -3*d**3 - 351*d**2 + 57*d - 27. Let k(f) = 7*s(f) - 5*v(f). Determine k(-20).
-11
Let q be ((-1532)/2681)/(-3*2/63). Let x(b) be the first derivative of b**3/3 - 3*b**2 + 6*b - 3. Give x(q).
6
Let o be 2/(-10) + 1136/5. Let i(d) = d - 218 + 428 - o. Determine i(10).
-7
Let c be 2 + (-5)/(5/(-2)). Suppose -3*x = c*w - 3, 0*x + w + 23 = 4*x. Let l(n) = 6*n - 5*n + 6*n - 8 - x*n. Calculate l(6).
4
Let f be (-6)/(-33) + (-64)/(-11). Let g(q) = q**3 - 8*q**2 + 10*q + 14. Let k be g(f). Let h(y) = 4*y + 2 + 2 - k + 0. Give h(-3).
-10
Let s(j) = 17*j**2 + 28*j + 30. Let y(x) = 10*x**2 + 14*x + 15. Suppose 4*k + 8 = 12, -4*k + 24 = -4*a. Let q(z) = a*y(z) + 3*s(z). Give q(-11).
-18
Let j(d) be the second derivative of -d**3/2 + 7*d**2 - 2*d + 115. Determine j(-4).
26
Let g(s) = -s**2 + 5*s - 4. Let h be 2*18 + -36 + 35. Suppose -14*y - h = -19*y. Give g(y).
-18
Let i = 199 - 10. Suppose -5*a - 16*a = -i. Let r(h) = h**2 - 8*h - 1. What is r(a)?
8
Let d(u) = u + 37. Let k(j) = -4*j - 164. Let c(m) = -14*d(m) - 3*k(m). Determine c(-17).
8
Let x(m) = 14*m**2 - 211*m - 203. Let v be x(16). Let y(u) = 6*u + 6. Let a(f) = 6*f + 5. Let r(g) = 6*a(g) - 5*y(g). Give r(v).
30
Let g(b) = 5*b**2 - 1 + 94*b**3 - 73*b**3 - 22*b**3. Give g(2).
11
Suppose -21*i = -23*i + 10. Let d(u) = -i*u**2 - 2 - u - 2*u + 6*u + 0*u. Give d(3).
-38
Let k(o) = -15*o**3 + 2*o**2 - o. Let s(u) = 102*u - 9895. Let q be s(97). Calculate k(q).
18
Let j(z) = 5*z**2 + 17*z - 50. Let a(k) = -k**2 + 3. Let u(p) = 6*a(p) + j(p). Calculate u(14).
10
Suppose -2*y + 50 = 5*q, 0 = -y - 8*q + 3*q + 35. Suppose y*b = -22 - 23. Let d(i) = 2*i + 3. What is d(b)?
-3
Let o(r) = 15*r**2 + 85*r + 52. Let z be o(-5). Let s(j) = -16*j**2 - j - 2. What is s(z)?
-68
Let k be (-420)/(-110) - 4/(-22). Suppose 0 = 4*o + k*w + 3 - 7, 5*o - w + 7 = 0. Let y(b) be the second derivative of b**4 + b**2/2 + 3*b + 7. Calculate y(o).
13
Let r(m) be the third derivative of m**4/6 + 5*m**3/3 + 60*m**2. Let x(t) = 2*t + 5. Let h(o) = -6*r(o) + 13*x(o). Suppose d = 5*d + 28. Calculate h(d).
-9
Let d(q) = 2*q**3 + 37*q**2 - 20*q + 9. Let l be d(-19). Let h(g) = 26*g - 1 - 9*g**2 + l - 46*g + 10*g**2. Determine h(18).
-9
Let q(h) = -8*h**3 - 28*h**2 + 4*h + 28. Let s(a) = 6*a**3 + 20*a**2 - 3*a - 21. Let p(m) = -10*q(m) - 13*s(m). Determine p(-10).
3
Let v(z) = z**2 + 8*z - 2. Let w(m) = -13*m**2 - 9*m - 6. Let l be w(-1). Determine v(l).
18
Let f(n) = -n**3 - 5*n**2 + 12*n - 28. Let z be ((-192)/(-288))/(2*1/(-21)). What is f(z)?
-14
Let j(t) = -8*t**2 - 1. Let b(l) = -l**3 - 12*l**2 - 14*l - 6. Let p be b(-11). Let z be 72/p - 4 - (-2)/6. What is j(z)?
-9
Suppose 2*w + 200 = 6*w. Let z be w/(-4)*24/(-20). Suppose i - 4*i - z = 0. Let n(d) = 3*d + 2. Give n(i).
-13
Let i(q) = -435 - 282 - 113 + 84 + 22*q. What is i(34)?
2
Let p = -6 + 15. Suppose -k = -4*b + 3, -k - 1 + 13 = -b. Suppose p*s + k = -10. Let d(z) = z + 1. What is d(s)?
-2
Suppose -2*f - 29*f = -6*f + 25. Let t(i) be the second derivative of 3*i**4/4 + i**3/3 + i**2/2 - i. Calculate t(f).
8
Let t(v) = -12*v + 76. Let s be t(5). Let h(c) be the first derivative of -c - s - 7/2*c**2. What is h(-1)?
6
Let d(y) = -y**3 + 11*y**2 + 14*y - 16. Let c(i) = i**2 - 9*i + 4. Let l be c(8). Let b be -20*l/(-10)*78/(-52). Give d(b).
8
Let y(m) = 3*m + 14. Let p(z) = 6*z + 33. Let k(v) = 2*p(v) - 5*y(v). Let n(h) = h**2 - 4*h - 2. Let s be n(5). What is k(s)?
-13
Let l(t) be the first derivative of -t**4/4 + 2*t**3 - 7*t**2/2 + 4*t + 1041. Give l(4).
8
Let z(a) = 30*a + 94. Let w(d) = -31*d - 130. Let g(v) = -5*w(v) - 6*z(v). What is g(3)?
11
Let f = 108 - 85. Let g = f - 8. Let u(m) = m**2 - 14*m - 13. Give u(g).
2
Let z(u) = -1. Let v(g) = -7*g - 1. Let t(o) = -v(o) + 4*z(o). Let p = -32 - -21. Let i(f) = -2*f + 1. Let a(y) = p*i(y) - 4*t(y). Calculate a(1).
-5
Let y = 346 + -314. Let i(z) = -13*z + 67 - 3*z - y - 33. Give i(2).
-30
Let d(w) be the third derivative of 1/24*w**4 + 0 - 5/6*w**3 + 197*w**2 + 0*w. What is d(0)?
-5
Let b(y) = 17*y + 2 + 28*y - 70*y + 13*y. Determine b(-11).
134
Let q be (6/18)/((-1)/(-6)). Suppose 0 = -3*j - q*c + 33, 6*j - c - 33 = 2*j. Let n(u) = u - 5. Calculate n(j).
4
Let x(h) = 34*h - 205. Let k be x(6). Let b(q) = -1. Let i(w) = w + 1. Let t(s) = 3*s + 3. Let c(y) = 8*i(y) - 3*t(y). Let z(p) = k*b(p) - c(p). Give z(-4).
-2
Suppose -4*v = 2*b - 20, -5*v + v + 28 = -2*b. Suppose -v*o + 118 + 62 = 0. Suppose -o = 7*s - s. Let h(r) = r - 3. Give h(s).
-8
Let m(q) = 9*q - 1 + q - 3*q**3 - 5*q - 7*q. Let i be (-14)/(-4)*(-8)/(-14). Give m(i).
-29
Let s(l) be the second derivative of -l**4/12 + 7*l**3/6 - 15*l**2/2 - 331*l - 5. What is s(11)?
-59
Let g(s) = 25*s**2 + 12*s - 55. Let l(c) = 9*c**2 + 4*c - 19. Let j(r) = -4*g(r) + 11*l(r). What is j(-8)?
-21
Let m(u) be the first derivative of 5/3*u**3 - 1/4*u**4 - 5/2*u**2 - u - 30. Let h be (23 + -11)*(0 - (-1)/3). Calculate m(h).
-5
Let m(d) = d. Let q be m(5). Let a(n) = 71*n**2 - 8*n + 5. Let i(f) = 83*f**2 - 10*f + 6. Let t(c) = -7*a(c) + 6*i(c). Give t(q).
6
Let h(b) be the third derivative of -b**4/8 - b**3/3 - 7*b**2. Let m(n) = -4*n - 16. Let l be m(6). Let a be (-12)/10*l/(-12). What is h(a)?
10
Suppose 11*b + b + 12*b + 120 = 0. Let q(y) be the third derivative of -y**5/60 - y**4/24 - y**3/2 - 2*y**2. Give q(b).
-23
Suppose -57 = 8*m + 15. Let i(s) = s + 11. Let o be i(m). Let g(n) = -1 - 44*n + n**2 - 40*n + 83*n. Calculate g(o).
1
Let t(g) = -49*g - 4*g**3 + 42*g + 7*g**2 - 4 - 1. Let l be 1 - 1 - 54/18. Let b(v) = -2*v**3 + 4*v**2 - 4*v - 3. Let r(x) = l*t(x) + 5*b(x). Calculate r(1).
2
Let r(o) = -2*o**2 + o - 1. Suppose -2*a - a = 9. Let n(p) = -6*p. Let x(s) = -5*s - 1. Let t(l) = 4*n(l) - 5*x(l). Let u be t(a). Give r(u).
-7
Let l(o) = -16*o - 10*o + 11 + 0 + 15*o. Determine l(-4).
55
Let w(a) = -17*a**2 - a - 21. Let n(l) = 5*l**2 + 7. Let q(j) = 7*n(j) + 2*w(j). What is q(2)?
7
Let h(d) = 5*d + 7. Let p(g) = g + 2. Let w be -1 - (2*-1 + -2 + 2). Let f(l) = w*p(l) + h(l). Determine f(-4).
-15
Let k(u) = -3 - 3*